{"id":2442,"date":"2024-10-09T15:19:56","date_gmt":"2024-10-09T18:19:56","guid":{"rendered":"https:\/\/joyasdeaceromaioma.com\/?post_type=product&#038;p=2442"},"modified":"2024-10-09T21:03:49","modified_gmt":"2024-10-10T00:03:49","slug":"aro-argolla-espiga","status":"publish","type":"product","link":"https:\/\/joyasdeaceromaioma.com\/?product=aro-argolla-espiga","title":{"rendered":"Aros argolla espiga"},"content":{"rendered":"<p>Aros argolla en acero quir\u00fargico o acero blanco<br \/>\nEste elegante par de aros tipo argolla destaca por su dise\u00f1o calado con motivo de espiga, lo que aporta un toque delicado a cualquier conjunto. Fabricados en acero quir\u00fargico de alta calidad o acero blanco, son una opci\u00f3n duradera y resistente.<\/p>\n<p>El cierre italiano asegura un ajuste c\u00f3modo y seguro, mientras que sus<\/p>\n<ul>\n<li>Dimensiones: 20 x 25 x 20 mm<\/li>\n<li>Di\u00e1metro: 20 mm<\/li>\n<\/ul>\n","protected":false},"excerpt":{"rendered":"<p>Aros argolla en acero quir\u00fargico o acero blanco calado<\/p>\n","protected":false},"featured_media":2123,"template":"","meta":{"_joinchat":[]},"product_cat":[77,108],"product_tag":[174],"class_list":{"0":"post-2442","1":"product","2":"type-product","3":"status-publish","4":"has-post-thumbnail","6":"product_cat-aros","7":"product_cat-aros-argolla","8":"product_tag-mujer","9":"pa_material-acero-blanco","10":"pa_material-acero-quirurgico","12":"first","13":"instock","14":"sale","15":"shipping-taxable","16":"purchasable","17":"product-type-variable"},"_links":{"self":[{"href":"https:\/\/joyasdeaceromaioma.com\/index.php?rest_route=\/wp\/v2\/product\/2442","targetHints":{"allow":["GET"]}}],"collection":[{"href":"https:\/\/joyasdeaceromaioma.com\/index.php?rest_route=\/wp\/v2\/product"}],"about":[{"href":"https:\/\/joyasdeaceromaioma.com\/index.php?rest_route=\/wp\/v2\/types\/product"}],"version-history":[{"count":5,"href":"https:\/\/joyasdeaceromaioma.com\/index.php?rest_route=\/wp\/v2\/product\/2442\/revisions"}],"predecessor-version":[{"id":2509,"href":"https:\/\/joyasdeaceromaioma.com\/index.php?rest_route=\/wp\/v2\/product\/2442\/revisions\/2509"}],"wp:featuredmedia":[{"embeddable":true,"href":"https:\/\/joyasdeaceromaioma.com\/index.php?rest_route=\/wp\/v2\/media\/2123"}],"wp:attachment":[{"href":"https:\/\/joyasdeaceromaioma.com\/index.php?rest_route=%2Fwp%2Fv2%2Fmedia&parent=2442"}],"wp:term":[{"taxonomy":"product_cat","embeddable":true,"href":"https:\/\/joyasdeaceromaioma.com\/index.php?rest_route=%2Fwp%2Fv2%2Fproduct_cat&post=2442"},{"taxonomy":"product_tag","embeddable":true,"href":"https:\/\/joyasdeaceromaioma.com\/index.php?rest_route=%2Fwp%2Fv2%2Fproduct_tag&post=2442"}],"curies":[{"name":"wp","href":"https:\/\/api.w.org\/{rel}","templated":true}]}}